he greatest common factor of 38 and 5662.
38
Calculate the greatest common factor of 15 and 105.
15
Calculate the greatest common factor of 84 and 140.
28
Calculate the greatest common divisor of 28 and 1729.
7
What is the highest common factor of 144 and 1338?
6
Calculate the highest common divisor of 333 and 185.
37
What is the greatest common factor of 460 and 640?
20
What is the greatest common divisor of 500 and 20?
20
What is the highest common factor of 180 and 1920?
60
Calculate the greatest common factor of 92 and 17756.
92
Calculate the highest common factor of 414 and 396.
18
What is the highest common factor of 361 and 171?
19
Calculate the highest common divisor of 72 and 117.
9
What is the greatest common factor of 38 and 38?
38
Calculate the highest common factor of 88 and 11.
11
Calculate the highest common divisor of 576 and 1350.
18
Calculate the greatest common factor of 1900 and 836.
76
What is the highest common factor of 92 and 4?
4
Calculate the highest common divisor of 67 and 14941.
67
Calculate the greatest common factor of 451 and 205.
41
Calculate the greatest common divisor of 77 and 671.
11
Calculate the greatest common divisor of 11736 and 72.
72
Calculate the highest common divisor of 80 and 256.
16
What is the highest common factor of 29 and 261?
29
What is the greatest common factor of 4292 and 116?
116
What is the highest common divisor of 6 and 130?
2
Calculate the greatest common factor of 40 and 140.
20
Calculate the greatest common factor of 8611 and 158.
79
What is the greatest common divisor of 8 and 712?
8
What is the highest common factor of 6 and 354?
6
Calculate the highest common factor of 93 and 403.
31
Calculate the highest common divisor of 1950 and 1200.
150
What is the highest common divisor of 284 and 3266?
142
What is the greatest common factor of 2373 and 126?
21
Calculate the greatest common factor of 987 and 399.
21
Calculate the highest common factor of 40 and 15.
5
Calculate the greatest common divisor of 130 and 20.
10
What is the greatest common factor of 1170 and 2990?
130
Calculate the highest common factor of 13 and 26.
13
Calculate the highest common divisor of 5402 and 146.
146
What is the highest common divisor of 133 and 35?
7
What is the greatest common divisor of 7134 and 6?
6
Calculate the greatest common divisor of 216 and 675.
27
Calculate the greatest common divisor of 23089 and 11.
11
Calculate the highest common factor of 96 and 18.
6
What is the greatest common divisor of 14 and 186088?
14
Calculate the greatest common divisor of 116 and 24418.
58
What is the highest common divisor of 44 and 9196?
44
What is the greatest common factor of 5296 and 48?
16
Calculate the greatest common divisor of 42 and 16674.
42
What is the greatest common factor of 465 and 405?
15
What is the greatest common factor of 86 and 2752?
86
Calculate the highest common factor of 35 and 280.
35
Calculate the greatest common divisor of 16351 and 394.
197
Calculate the highest common divisor of 23 and 6003.
23
Calculate the greatest common divisor of 36119 and 38.
19
What is the greatest common factor of 3796 and 572?
52
Calculate the greatest common divisor of 12 and 324.
12
What is the greatest common divisor of 36648 and 72?
72
What is the highest common factor of 115 and 39905?
115
Calculate the greatest common divisor of 177 and 3.
3
Calculate the greatest common factor of 51 and 681.
3
Calculate the greatest common factor of 316 and 18.
2
Calculate the greatest common divisor of 20577 and 114.
57
Calculate the highest common divisor of 80 and 5.
5
Calculate the greatest common divisor of 2951 and 454.
227
Calculate the highest common divisor of 2634 and 6.
6
Calculate the greatest common divisor of 20 and 30.
10
Calculate the highest common divisor of 23 and 1081.
23
Calculate the highest common divisor of 448 and 7.
7
What is the greatest common divisor of 704 and 396?
44
Calculate the greatest common divisor of 144 and 42.
6
What is the greatest common factor of 473 and 55?
11
Calculate the greatest common divisor of 120 and 60.
60
What is the highest common factor of 58 and 638?
58
Calculate the highest common divisor of 216 and 376.
8
Calculate the highest common divisor of 328 and 287.
41
What is the greatest common divisor of 2 and 886?
2
What is the highest common divisor of 608 and 64?
32
Calculate the greatest common factor of 639 and 9.
9
What is the highest common divisor of 62 and 403?
31
Calculate the highest common factor of 159 and 3.
3
What is the highest common factor of 172 and 68?
4
What is the highest common divisor of 81 and 10071?
27
Calculate the highest common divisor of 1015 and 406.
203
Calculate the highest common divisor of 1643 and 62.
31
Calculate the highest common divisor of 7 and 539.
7
Calculate the highest common factor of 87 and 1392.
87
What is the greatest common divisor of 17 and 136?
17
Calculate the greatest common divisor of 750 and 6.
6
Calculate the greatest common factor of 8 and 200.
8
What is the greatest common divisor of 4033 and 545?
109
What is the highest common factor of 34 and 25262?
34
What is the greatest common factor of 90 and 1395?
45
Calculate the greatest common divisor of 130 and 10075.
65
What is the highest common factor of 11389 and 7?
7
Calculate the greatest common factor of 92 and 184.
92
Calculate the greatest common factor of 8 and 718.
2
What is the greatest common divisor of 504 and 1071?
63
Calculate the greatest common factor of 5 and 420.
5
What is the highest common factor of 308 and 44?
44
What is the greatest common divisor of 91 and 780?
13
What is the greatest common divisor of 18975 and 30?
15
Calculate the highest common factor of 144 and 28944.
144
Calculate the highest common factor of 171 and 38.
19
Calculate the greatest common factor of 40 and 12260.
20
Calculate the highest common divisor of 6 and 402.
6
Calculate the highest common divisor of 32527 and 22.
11
What is the greatest common factor of 2530 and 220?
110
What is the highest common divisor of 3 and 951?
3
What is the highest common divisor of 8 and 1048?
8
Calculate the greatest common factor of 80 and 90.
10
Calculate the greatest common divisor of 48 and 2984.
8
What is the greatest common factor of 4417 and 14?
7
Calculate the highest common factor of 26 and 104.
26
Calculate the greatest common factor of 90 and 675.
45
What is the greatest common factor of 51 and 6987?
51
What is the highest common divisor of 442 and 26?
26
Calculate the greatest common divisor of 330 and 30.
30
Calculate the greatest common factor of 792 and 4224.
264
What is the highest common factor of 4914 and 364?
182
What is the greatest common divisor of 104 and 168?
8
What is the highest common factor of 648 and 28?
4
What is the highest common factor of 42 and 30?
6
What is the highest common factor of 5908 and 28?
28
What is the highest common factor of 165 and 2200?
55
Calculate the greatest common factor of 588 and 756.
84
Calculate the highest common factor of 74 and 407.
37
Calculate the greatest common factor of 54 and 81.
27
What is the highest common factor of 377 and 87?
29
Calculate the highest common divisor of 168 and 17976.
168
Calculate the highest common factor of 7 and 77.
7
Calculate the highest common factor of 153 and 39168.
153
Calculate the highest common divisor of 258 and 906.
6
What is the greatest common divisor of 2060 and 260?
20
What is the highest common divisor of 2074 and 244?
122
Calculate the greatest common divisor of 560 and 120.
40
What is the highest common factor of 4508 and 140?
28
What is the greatest common divisor of 426 and 3621?
213
What is the highest common divisor of 300 and 1950?
150
Calculate the greatest common factor of 558 and 4526.
62
Calculate the highest common divisor of 19771 and 51.
17
What is the highest common factor of 1386 and 10?
2
What is the highest common factor of 109 and 545?
109
Calculate the greatest common divisor of 60 and 6270.
30
Calculate the highest common factor of 4185 and 36.
9
Calculate the greatest common factor of 272 and 1462.
34
What is the highest common divisor of 429 and 99?
33
Calculate the highest common factor of 2142 and 126.
126
What is the greatest common factor of 456